e
Let u = 57 - 55. Suppose -2*n = -0*n + 5*q - 9142, -5*n = -u*q - 22797. Is n a prime number?
True
Let u(l) be the third derivative of l**6/360 - l**5/120 + 557*l**4/24 + 7*l**3/3 + 20*l**2. Let m(n) be the first derivative of u(n). Is m(0) composite?
False
Let q(m) = -m**2 - 33*m + 231. Let i be q(-39). Is (-6)/(1 + i)*250185/117 a composite number?
True
Let z be -2*((-159)/6)/((-7)/(-9940)). Suppose -4*y + 7*y = 5*w - z, 0 = w + 2*y - 15065. Is w a prime number?
False
Let o = -54045 - -243044. Is o a composite number?
False
Suppose -3*k - 2128 = -4*k. Let q = k - 1390. Let l = q + 1441. Is l prime?
True
Suppose 4*l = 8, 7*l = 5*s + 2*l - 62005. Is s a composite number?
True
Suppose -13401308 + 22389859 = 32*h - 34451673. Is h composite?
False
Suppose d - 3*x = -4*d + 26, -5*d + 12 = 4*x. Let t(p) = 2*p - 4*p + 0 + 15*p**2 - d*p**2 - 2. Is t(-2) a composite number?
True
Let o(y) = -y**3 + 8*y**2 - 11*y - 6. Let v be o(6). Let r be 1/(-2)*(v - -8). Is (-9)/6 + (-1594)/r a prime number?
True
Let h(i) = 4436*i - 8. Let q be h(-2). Let z = q + 12769. Is z a composite number?
False
Is 4 + -2 + 5 + 9760 a composite number?
False
Suppose 6479 = d - 48645. Suppose 6*c = 2*c + d. Is c prime?
True
Let f = -188303 + 373726. Is f a composite number?
True
Suppose -1661 = -5*b - u + 3*u, -2*u = -2*b + 668. Let h = b + 3456. Is h prime?
False
Let q be (-15846)/19 + 2 + 0 + -6. Is q/3*51/(-34) composite?
False
Let c be (-1 - -2) + (214 - -3). Let t = c + 7899. Is t composite?
False
Suppose -278*u + 28325285 + 4197657 = 0. Is u composite?
False
Let n(u) = -32*u**2 + 12*u + 14. Let m be n(-8). Let j = -1175 - m. Is j a prime number?
False
Suppose -83646446 - 127848507 = -50*v - 383*v. Is v prime?
True
Is (0 - 3)*803663/(-21) composite?
False
Suppose 23*z - 28*z = 10, z = -4*f + 964022. Is f a composite number?
True
Suppose 0 = 5*r + 15, -5*t + 196440 = -2*t - r. Is t composite?
False
Let q be 2*((-2)/(-8))/((-1)/42). Is (-4695)/q - 8/14 a prime number?
True
Suppose 9892322 - 69200075 - 1489430 = -227*q. Is q prime?
True
Suppose 4*p + 5*b - 35 = 0, 4*p + 2*b = -0*b + 38. Is (-5221)/(p/(-8) - 2/(-8)) composite?
True
Suppose 3*f - 2*f - 22981 = 0. Let t = 32792 - f. Is t composite?
False
Let k be 117/(-144)*4*(-8)/2. Suppose -3585 = -q - 4*n, -k*q + 10*q + 10771 = 4*n. Is q composite?
False
Let x = 174892 + -88433. Is x composite?
True
Let z(q) = q**3 + q**2 - 4*q - 9. Let m be z(-5). Let n = 148 + m. Suppose -142 = -x + n. Is x a prime number?
False
Let j(w) = 64*w**2 - 71*w + 40. Let l be j(18). Suppose 0 = 4*n - l - 4018. Is n a composite number?
False
Suppose -463*c = 64610314 - 578429657. Is c a composite number?
False
Let w = -157 + 81. Let p = w + 80. Suppose -4481 + 11613 = p*z. Is z composite?
False
Let z(b) = 13*b - 128. Let j be z(8). Let h(m) = -39*m - 139. Is h(j) prime?
True
Suppose 7 = 5*c - 23. Suppose 7*x = c*x + 2. Suppose -x*u - 620 = -2298. Is u a prime number?
True
Suppose 0 = 2*z - 12*z - 270. Let q = z - -33. Is (-22722)/(-14)*14/q a composite number?
True
Let j(u) = -54490*u**3 + 7*u**2 + 11*u + 21. Is j(-2) prime?
True
Let m be 85/34*(0 - -1)*-10. Is (0 + -1)*(m - -23) - -5637 prime?
True
Let b(w) = -3*w**2 - 4*w - 23. Let m be b(0). Let s(c) = 4*c**2 - 68*c - 21. Is s(m) a composite number?
False
Let v = -343 + 667. Suppose v + 2613 = 3*s. Is s a composite number?
True
Suppose 3*k = -3*g + 10107, g = 3*g + 3*k - 6736. Let n be -2*(-1)/8 + 1368/288. Suppose -2*h = 3*x - g, -3*h - x + 5099 = -n*x. Is h a prime number?
True
Suppose -704*y + 496*y + 6706960 = 0. Is y a prime number?
False
Let m be 1/(0 - -1 - (-33)/(-44)). Suppose -2*x + 79 = u, m*u + 121 - 19 = 3*x. Is x a prime number?
False
Let u(f) = 585*f + 205. Let a(h) = -586*h - 203. Let w(o) = 3*a(o) + 2*u(o). Is w(-5) composite?
False
Suppose -20*l + 48930 = -13*l. Is ((-33)/(-6))/(15/l) a composite number?
True
Let o = 153593 - 76150. Is o composite?
True
Let s = 10785 - 6763. Suppose -11*j = d - 6*j - s, d - 4040 = j. Is d prime?
False
Let p = 736 + -730. Suppose -39598 = -3*u - 5*m, -p*u + 3*m + 65940 = -u. Is u a prime number?
False
Let f(n) = 15272*n + 991. Is f(6) a prime number?
True
Let h(n) = -10*n**3 - 6*n**2 - 6*n. Let u be h(-1). Is 4/20 + 42008/u a prime number?
True
Let h(j) = 110155*j**3 - 9*j**2 - j + 1. Let o be h(1). Suppose -r + 3 = 0, -5*u + o = -4*r - 48067. Is u composite?
True
Suppose -17*h + 6931608 = 28*h - 10008957. Is h composite?
True
Let h be (32 - -1)*(-56)/(-3). Suppose -44*x - 1732 = -2*r - 43*x, 0 = -x + 2. Let n = r - h. Is n composite?
False
Let p(s) = 244*s**2 - 42*s - 164. Let l(x) = -244*x**2 + 43*x + 165. Let y(c) = 3*l(c) + 4*p(c). Is y(-4) prime?
False
Suppose 2*i = i + 5. Suppose -10*s + 30027 = -i*s + 4*n, -n - 2 = 0. Is s prime?
True
Let l be ((-12)/15)/((-4)/(-160)). Let w be -10*(-2 + l/(-20)). Suppose -3*o = -0*o - 4*m - 1919, -4*o + w*m + 2560 = 0. Is o a prime number?
True
Let v = 236546 - 132545. Is v composite?
True
Suppose -61*v + 68*v + 4576840 = 47*v. Is v a composite number?
True
Let g(u) = -4*u**2 + 100*u - 3. Let v be g(25). Let m(i) = 1900*i**2 - 3*i - 16. Is m(v) prime?
True
Is 54/(-162)*(-11 + -98116) composite?
True
Let d(j) = -78338*j + 41. Is d(-1) composite?
True
Let d = -68 + 41. Is 6/4*(-61794)/d composite?
False
Is (575/(-10))/((-10)/5580) - 4 prime?
False
Let c(m) = m - 22. Let o be c(18). Let f be (((-256)/(-12))/o)/((-8)/(-36)). Let i = f - -581. Is i prime?
True
Let x(h) = -h**3 - 4*h**2 - 31*h - 20. Let k be x(-10). Let r = k - -314. Suppose -c + 1747 - 538 = -2*p, 3*p - r = -c. Is c prime?
False
Suppose o = -2*p + 15335, -78*o - 30635 = -80*o + p. Is o prime?
False
Suppose 4*o = -5*k + 543893, -57*o + 59*o - 5*k - 271969 = 0. Is o a composite number?
False
Suppose 98*j - 14573601 = -91*j. Is j a composite number?
True
Suppose 13*l - 7 = 19. Suppose -2*x = -5*y - 860, 3*y = -l*y. Suppose -5*w + 300 = -x. Is w a composite number?
True
Is ((-6)/9)/(97939600/244850250 + 2/(-5)) a composite number?
False
Let m be ((-10)/3)/(-2)*-198. Let q = 234 - 415. Let b = q - m. Is b a prime number?
True
Let g be ((-180)/(-207))/(-10) - 42/46. Is (g + -12610)*-1*(1 + 0) a prime number?
True
Suppose r = 5*x - 128, -2*r + 0*x - 244 = -4*x. Is r*475/(-90) - 10/(-45) a prime number?
False
Let b be 3/(-3)*1 + 3. Suppose -3*a = -4*m + 22436, -3*m + b*a + 16827 = 3*a. Is m a prime number?
False
Is 4248/(-108) - -43 - 443972/(-6) a composite number?
False
Let g(w) = 3*w + 36. Let v = -57 - -45. Let b be g(v). Suppose -2*k - 5*h + 3045 - 74 = b, -1493 = -k - 5*h. Is k composite?
True
Suppose -7*n + 12 = -5*n. Let m(f) = f**3 + f - 3. Let s be m(n). Suppose 5*o = 5*u - 370, -2*o - s = -3*u - 0*o. Is u a prime number?
True
Suppose 2*l + 0*l + 3114 = 0. Suppose -16 = 11*x + 17. Is (-1 - l/(-6))*(x + 1) a prime number?
True
Let w be 16 + (-15)/10 + (-2)/4. Let g be (w - 16)/(1*-1) + 26. Is 1397 - ((-16)/6 - g/(-42)) prime?
True
Let o = 28 + -23. Suppose 0 = 5*p + 2*g - 12, -p + g = -o*p + 9. Is (1*-1 - -270) + -4 + p a composite number?
True
Let d = 1101243 - 749797. Is d composite?
True
Suppose 431132 = 22*r + 306161 - 396891. Is r a prime number?
False
Suppose 0 = -3*b - 3*w + 222384, 296536 = -8*b + 12*b - 4*w. Is b a prime number?
True
Is 133354/(1 - -1) + -10 + 16 a prime number?
True
Let w = -254 + 1209. Let f = 2316 - w. Is f a composite number?
False
Suppose -3*f + 7 = 73. Let u = f - -27. Suppose 895 = u*a + 2*c, -3*a - 3*c + 655 = 118. Is a a prime number?
True
Let o = -869 - -1617. Let l = o - -165. Suppose 3*k + 5*q - l = 0, 4*k - q - 1208 = -3*q. Is k prime?
False
Suppose 167*v = 171*v - 4268. Suppose -5*h + 4*r + v = 0, -106 - 301 = -2*h - 5*r. Is h prime?
True
Let t(p) = -2856*p + 539. Is t(-20) prime?
False
Let u(l) = l + 22. Let n be u(-8). Is 6/n - 2199496/(-364) a prime number?
True
Suppose -4*g + 5*j - 319 = 95, 0 = -g - 2*j - 110. Let n be (125/(-10) + 0)/(1/g). Suppose 7*i - 992 = n. Is i a prime number?
True
Let y = 52 - 50. Let k(t) = 5*t + 5*t - 9*t - 9 + t**y. Is k(-8) prime?
True
Let v be ((-122)/3)/((-36)/378) - 3. Suppose 0 = 425*z - v*z - 15227. Is z composite?
False
Let z = 510256 + -341865. Is z a composite number?
False
Let d(l) = -11*l. Let u be d(0). Suppose -4*y + 5*t + 6211 = -16357, 4*y - 2*t - 2